14*u**3 - 30*u**2 - 27*u - 32. Let i(d) = 6*o(d) - 17*q(d). What is i(-9)?
-5
Let f(q) = q**3 - 4*q**2 - 5*q + 4. Suppose -5*n - 11 = -36. What is f(n)?
4
Let l(a) = -a**2 + 1. Let r(v) = 5*v**2 - v - 5. Let z(u) = 11*l(u) + 2*r(u). Determine z(-4).
-7
Let m(i) = 472*i**2 - 471*i**2 - 2 + 8 - 6*i. Determine m(5).
1
Let l(s) be the first derivative of -s**4/4 - 2*s**3/3 - s**2/2 + 4. Calculate l(-2).
2
Let a(c) be the third derivative of -1/6*c**3 + 0*c + c**2 + 1/60*c**5 - 1/24*c**4 + 0. Calculate a(3).
5
Let a = -3 - -2. Let t(p) = -p + 5. Let u(f) = -4. Let k(n) = -5*t(n) - 6*u(n). Let y(g) = -4*g + 1. Let b(j) = 2*k(j) + 3*y(j). Determine b(a).
3
Suppose 0 = p - 0*p. Let k(b) = p + 0 + 3*b + 0 - 1. Calculate k(2).
5
Let q(a) = -a**3 - 4*a**2 - 5*a - 3. Let s be q(-3). Let l be (-2 - -1)*(0 - 1). Suppose 4*b - 13 = s*n, 2*b + l = -5*n - 12. Let d(j) = j + 4. Give d(n).
1
Let f(n) be the second derivative of 5/6*n**3 - 1/12*n**4 - 3/2*n**2 + 0 - 3*n. Let b = 2 - -3. Calculate f(b).
-3
Suppose -10 + 4 = -3*c. Let j(v) = c*v**3 - 3*v**2 + 6*v**2 - 2*v**2. Give j(-1).
-1
Suppose 3*h - z - 26 = 0, h + 2*z + 9 = 27. Let t be (-2)/(2/(-1)) + h. Let n = t + -6. Let g(u) = u**2 - 3*u - 5. What is g(n)?
5
Let m(t) = 8*t**3 - 2*t + 1. Suppose 2 = 2*j - j. Let g be (-1 - 0) + (j - 8). Let r(l) = l + 8. Let y be r(g). Determine m(y).
7
Let z be 0 + 0 - (0 - -2). Let f(p) = -20*p**2 - 29*p + 8. Let w(k) = -7*k**2 - 10*k + 3. Let u(t) = -6*f(t) + 17*w(t). Determine u(z).
-1
Let q(m) = 6*m - 1. Let j(x) = -7*x - 4. Let d be j(-2). Let l = d + -11. Determine q(l).
-7
Let i(h) = h**3 + 7*h**2 + 6*h - 6. Suppose 7 - 27 = -5*s. Let p(w) = -w + 7 - 6 - 2*w - s*w. Let l be p(1). Calculate i(l).
-6
Let q(w) = -5 - w + 14*w + 4. Determine q(1).
12
Suppose 8*d = 9*d. Let s(p) = -p + 1. Let j be s(d). Let g(w) = 3*w. Determine g(j).
3
Let h = -5 - -7. Let k(l) = 0 - 6*l**2 + 15*l**h + 1 - 10*l**2. Give k(-3).
-8
Suppose -5 - 1 = -3*c. Let g(d) = 4*d + 1 - c*d - d. Suppose -a + 10 = a, r - 2*a + 6 = 0. Give g(r).
5
Let a(i) = -i**2 + 3 + 0*i + 5*i**3 - 6*i**3 + 3*i. Determine a(-3).
12
Suppose -3*x + 6 = -0. Let b(q) = -9*q + 9 - 8*q + 2. Let w(y) = -8*y + 5. Let c(i) = -3*b(i) + 7*w(i). Give c(x).
-8
Let n = 35 + -30. Let u(r) = -r**2 + 5*r. Determine u(n).
0
Let q(y) be the first derivative of -y**3/6 - 9*y**2/2 + y - 6. Let v(l) be the first derivative of q(l). Determine v(-6).
-3
Suppose 5*o - 4*x - 4 = 0, 4*o - 3*x + 4 = 2*x. Let h(z) = -z - 4*z + o*z + 2*z - 11. Determine h(0).
-11
Let z(y) = y**3 - 4*y**2 + 2. Suppose i + i + 4 = 0. Let a be i*((-5)/(-2))/(-1). Suppose m = a*o - 23, -2 = -5*o - 5*m + 3. Calculate z(o).
2
Let k(u) = -2*u**3 - u**2. Let h be 2 + 4/(8/(-4)). Suppose -5 = 3*j - y - y, -3*j + 4*y - 13 = h. What is k(j)?
-3
Suppose -u = 3*r - 15, -r + 4 = -0*r. Let p(j) be the first derivative of u + 2*j - 1/2*j**2. Determine p(-3).
5
Suppose -35 = 5*v + 5*f, 0*v + 31 = -5*v - 3*f. Let i(h) = -5*h + 4*h**2 + h**3 + 0*h**3 + 1 + 1. Calculate i(v).
2
Let h(v) = 26 - 11 - 3*v - 35. Determine h(-8).
4
Let g(l) = 3 + 2 - 7 + 10 - l**2. Give g(0).
8
Let h be 4 - (10 - (2 - 1)). Let f(s) = -s**2 - 2*s. Calculate f(h).
-15
Let b be (3 - 22/8)*(-4)/(-1). Let s(a) = 7*a - 1. Calculate s(b).
6
Let w(d) = 6 + 0*d + d**2 - 1 + 5*d. Let n = -13 + 8. Let o be w(n). Let q(h) = 2*h - 6. Determine q(o).
4
Let a be (-8)/36 + (-112)/(-18). Let x(j) = -j**3 + 5*j**2 + 5*j - 2. Give x(a).
-8
Suppose -2*t - 3 = -4*r + r, t = 2*r - 3. Let w(n) = -n + 4. Let s be w(2). Let q(b) = 4 - 6*b - t + s*b**2 - b**2. What is q(5)?
-4
Let n(z) = z**2 - 4*z + 3. Let d(v) = -v**3 + 9*v**2 - v + 12. Let t be d(9). Calculate n(t).
0
Let w be (-3)/6*36/6. Let z(g) = -14*g**3 + 26*g**2 + 3*g - 9. Let f(i) = 5*i**3 - 9*i**2 - i + 3. Let l(s) = -17*f(s) - 6*z(s). Give l(w).
6
Let d(y) = -17*y + 7*y + 9*y. Let b(z) = z**3 + 5*z**2 + 4. Let o be b(-5). Let s = o + -7. Calculate d(s).
3
Let i(s) = -s + 1. Let u be i(-15). Suppose -4*c - 7 = -5*w, -w - 2*c = 3*c + u. Let b(o) = 5*o**2 - 1. Determine b(w).
4
Let o(n) = -2*n + 2. Suppose -4*c - 6 = -5*c. Let t(v) be the second derivative of v**4/12 - v**3 + 5*v**2/2 + 5*v. Let b be t(c). Calculate o(b).
-8
Suppose -4*x + 2 + 2 = 0. Let i be 1/(-6) + x/6. Let n be i/(-4) - (-4)/2. Let u(o) = -o**2 + 4*o + 1. Calculate u(n).
5
Let w(m) = -2*m**2 + 2 + 3*m - 3*m**2 + 9*m**2 + 2*m**3. Calculate w(-2).
-4
Let l(a) = -4*a + 3 + 6*a + a**2 + 3*a + 1. Suppose 5*k - s = 34, 0*k + 2*k - 3*s - 11 = 0. Let b = -10 + k. Determine l(b).
-2
Let d(q) = 17*q**2 + 3*q + 35. Let w(a) = 9*a**2 + 2*a + 18. Let l(b) = 6*d(b) - 11*w(b). Let v(h) = h**2 - h + 4. Let i(m) = 4*l(m) - 11*v(m). What is i(4)?
0
Let y = 170 - 169. Let d(l) = 12*l - 4. Let a(r) = -11. Let t(o) = -7. Let v(z) = 5*a(z) - 8*t(z). Let b(n) = d(n) + 3*v(n). Determine b(y).
11
Let p(t) = t**2. Let w(g) = -6*g**2 + 2*g - 1. Suppose 2*b + 1 = 11. Let z(o) = b*p(o) + w(o). Let m be 2 + (-3)/6*2. Give z(m).
0
Let y(n) = 2*n + 17 + 0*n - 4. Let z(o) = o + 6. Let i(u) = -4*y(u) + 9*z(u). Calculate i(-4).
-2
Let b be 33/(-8) - 1/(-8). Let o(q) = -3*q - 3. Let i(t) = 3 + 7*t - 3 + 6. Let k(x) = -4*i(x) - 10*o(x). Calculate k(b).
-2
Let h(d) = -d**3 - 7*d**2 - 2*d - 10. Let f = -65 - -45. Let b = f + 13. Calculate h(b).
4
Let j(l) be the second derivative of l**3/6 + l**2 - l. Suppose -4*q + 4 = -6*q. Let u be (q - -4)*-2 + 0. What is j(u)?
-2
Let m(q) = 2*q**3 + 2*q - 1. Suppose 8*g = 6*g + 2. Determine m(g).
3
Let f(s) = 10*s + 4 - 21*s + 8*s + 8*s - s**2. Suppose -4*w = 3*v - 11, -w + 2*v = -9 - 2. Let l be -1*2*w/(-2). What is f(l)?
4
Let z(l) = 2*l + 1. Suppose 0 = -2*o + 6, 4*v + 5*o = -v + 10. Calculate z(v).
-1
Suppose -5*k + 24 = 9. Let w(x) = 6*x - 1. Let n(j) = -13*j + 1. Let f(l) = 2*n(l) + 5*w(l). Give f(k).
9
Let c(b) = -b**2 + 6*b - 5. Let p(i) = i + 1. Let q(h) = c(h) + 2*p(h). What is q(8)?
-3
Let q(y) = -377*y**3 + 376*y**3 + y + 0 + 2 - 4*y**2. Calculate q(-3).
-10
Let j be ((-4)/(-6))/((-8)/84). Let s(b) = b**3 + 6*b**2 - 6*b + 3. Determine s(j).
-4
Let y(a) = a**3 - 4*a**2 - 8*a + 7. Let h = -36 + 41. Give y(h).
-8
Let w(x) be the first derivative of -x**3/3 - 1. Let n be w(-1). Let h(v) = -166*v + v**2 + 339*v - 172*v. Give h(n).
0
Let n(i) = -i + 1. Let j(t) = -4*t + 6. Let l(u) = 2*j(u) - 10*n(u). Let f be l(-2). Let v(g) = -g**3 - g**2 + 3*g + 2. What is v(f)?
0
Let h(w) = -w - 2. Suppose 13 + 11 = -6*c. Calculate h(c).
2
Let z(m) = -m**2 + 10*m - 9. Let p be z(6). Suppose l + 0*l = 4*a + 18, 5*l + p = -a. Let w(q) = 3*q + 3. What is w(l)?
-3
Let p(u) be the first derivative of u**4/4 - u**2/2 + u + 7. Let h(f) = -f. Suppose 3*z - 2*o + 7 = -0*z, -4*z = 2*o. Let g be h(z). What is p(g)?
1
Let l(u) = 4*u**3 + 5*u**2 + 4. Let z(o) = -3*o**3 - 4*o**2 + o - 3. Suppose 1 = 2*c - 5. Let g(m) = c*z(m) + 2*l(m). Calculate g(-3).
-1
Suppose -a + 5*a = 0. Let y(d) be the third derivative of 1/6*d**3 - 1/60*d**5 - d**2 + a + 0*d + 5/24*d**4. What is y(4)?
5
Let n(w) = w + 11. Suppose -16*j + 9*j = 56. Determine n(j).
3
Let u(k) = -k**3 + 9*k**2 + 11*k - 14. Let t be u(10). Let d be (-6 - t - 4) + 0. Let o(h) = 2*h + 6. Give o(d).
-6
Let y(u) = 2*u - 1. Let s be y(1). Let z be 2*((-6)/(-4) - s). Let a(w) = z + 0*w + w + w. Give a(-3).
-5
Let m(y) = 0*y - 2*y**2 + 4*y**2 + y + y**3 + 3 + 0*y**2. Determine m(-3).
-9
Let o(j) = j**2 - j + 1. Let d(l) = 6*l**2 - 9*l + 5. Let n(h) = -d(h) + 5*o(h). What is n(3)?
3
Let o(f) be the second derivative of f**6/360 + f**5/120 + f**4/12 - f. Let y(h) be the third derivative of o(h). What is y(-3)?
-5
Let s(l) = 6*l - 2. Let h(d) = -6*d + 2. Let v(x) = -2*h(x) - 3*s(x). Suppose 0 = y - 8 + 26. Let i = -16 - y. What is v(i)?
-10
Let q(y) = y**3 + 4*y**2 + 5*y + 2. Let f(u) = -u**2 + 8*u + 9. Let r be f(9). Suppose r*k - 6 = 2*k. Calculate q(k).
-4
Let i be 1 + 1 - 18/3. Let a(d) be the second derivative of d**5/60 + d**4/8 - d**3/2 + d**2 + 2*d. Let l(s) be the first derivative of a(s). What is l(i)?
1
Let n(d) = -6*d - 6. Let p be n(-2). Let x(i) = i**3 - 7*i**2 + 7*i - 2. What is x(p)?
4
Let b be 6/45 - (-43)/15. Suppose 0 = -b*r - 3, -3*r + 12 + 1 = -4*q. Let p(k) = -2*k + 2 - 4 - 1. What is p(q)?
5
Let w(o) = 2 + 3 + 0 + 3*o - 6. Give w(2).
5
Let o(a) 